the greatest common divisor of v and 4.
4
Suppose -10*f - 34 = -634. Suppose 4*t = 76 - f. Suppose -4*p + 3*y + 369 = 0, -5 = -t*y - y. Calculate the highest common divisor of 31 and p.
31
Let p = -3559 + 3617. Suppose 3 = -3*w, w = h + h - 1277. Calculate the greatest common divisor of p and h.
58
Suppose 5*k = c - 535, -10*k + 6*k = 2*c - 1056. What is the greatest common factor of 120 and c?
10
Let r = -4900 - -13611. Calculate the highest common divisor of r and 31.
31
Let c = -110 - -248. Let r = c - 102. Calculate the highest common divisor of r and 468.
36
Suppose -378*a + 376*a + 24 = 0. Let y = 904 - 364. Suppose a*z - 15*z + y = 0. Calculate the highest common divisor of z and 72.
36
Suppose -81*k + 27*k = -21*k - 22572. Calculate the greatest common factor of 252 and k.
36
Let q(t) = -13*t - 112. Let o be q(-9). Suppose -5*c - 28 = -7*c + 2*r, -c + o*r = -14. Calculate the highest common factor of 252 and c.
14
Suppose -4311216 = -295*h - 457*h. What is the greatest common factor of h and 84?
21
Suppose -12*d - 2459 + 17150 + 3189 = 0. What is the greatest common divisor of d and 40?
10
Suppose 5*a = -15, 6*n = 11*n + 5*a - 220. Suppose 0 = 51*z - n*z - 280. What is the greatest common factor of 112 and z?
14
Suppose u + 32546*s = 32549*s + 223, 4*s + 224 = u. Suppose 0 = 2*w - 3*m - 188, 0 = -3*w - m + 68 + 192. What is the greatest common factor of u and w?
44
Let m be (-1)/(-1) + (14 - 12). Suppose -m*s - 175 = -8*s. Calculate the greatest common factor of s and 15.
5
Let d be 5 - (6 - (6 + 21)). Suppose -d*m + 72 = -14*m. Calculate the greatest common factor of m and 8.
2
Let y = 14 + -5. Let b be (-4 + -45)/(-7) - 12. Let t be 94 - (1 + -11 - b). What is the greatest common divisor of t and y?
9
Let n(l) = 102*l + 891. Let v be n(-8). What is the highest common factor of v and 150?
75
Let w(q) = -q**3 + 8*q**2 + 3*q - 22. Let v be w(6). Suppose -14*t - 4*d - 850 = -19*t, 4*d + 340 = 2*t. Calculate the highest common factor of t and v.
34
Let f(i) = -i**2 - 22*i - 22. Let u be f(-10). Suppose 13*n - 15*n + u = 4*d, 0 = 3*n - 4*d - 127. What is the highest common factor of 18 and n?
9
Let q be ((-44)/6)/(1/(-9)). Suppose -2*x = -x - q. Let i be 374/(-68)*-4*2. Calculate the greatest common divisor of x and i.
22
Suppose -5*i - 60 = -3*n, -2*i = n - 4*n + 60. Let q be (-18 - -2)/(n/(-10)). Let w be 2/(-11) + (-432)/(-198). Calculate the highest common divisor of w and q.
2
Let k be 1598/10 - (-4)/20. Suppose 5*t = -s + 71, 0 = -3*s - 3*t - 2*t + 233. Suppose 201 = 3*m + s. Calculate the greatest common divisor of m and k.
40
Let h be 1/(-4)*-465*(-136)/(-51). What is the greatest common factor of 18445 and h?
155
Suppose 5*g - 8190 = t, -6288 + 1374 = -3*g + t. Calculate the greatest common factor of g and 1274.
182
Let m be -591*(-20)/12 - (-18)/(-18). Let l = -876 + m. Calculate the greatest common divisor of l and 144.
36
Let i = 324 - -187. Suppose -s + i = 5*d, s - 3*d - 310 - 233 = 0. What is the greatest common factor of 59 and s?
59
Suppose -26*q + 25*q + 3 = 0. Suppose 3*m + 0*o - q*o - 210 = 0, 0 = -2*m + o + 135. What is the highest common factor of 26 and m?
13
Suppose 8*b = 230 + 74. Suppose 0 = -4*p + 20*p + 192. Let o(c) = -c**3 - 11*c**2 + 10*c - 5. Let w be o(p). What is the highest common factor of b and w?
19
Suppose -6286*i + 4536 = -6274*i. What is the greatest common factor of 702 and i?
54
Let r(x) = 38*x + 52. Let f be r(4). Calculate the greatest common divisor of 306 and f.
102
Let w be 18/(-27) - -1 - 32/(-12). Let a(f) = f**2 + 3*f - 6. Let o be a(-7). Suppose 2*m = 32 + o. Calculate the greatest common factor of m and w.
3
Let a = 322 + -288. Suppose -59 = a*i - 807. Suppose 4*g + 111 = 375. Calculate the highest common divisor of i and g.
22
Suppose -f = -2*x + 13, -33*x + 36*x - 17 = -f. Suppose -x*j = -32*j + 1976. Calculate the highest common factor of j and 380.
76
Let l(p) = -p**2 - 2*p + 5. Let d = -11 + 11. Let x be l(d). Let r = 446 - 441. Calculate the greatest common factor of x and r.
5
Let r(x) = x**2 + 12*x + 13. Let f be r(-6). Let p = -298 + 287. Let k = p - f. What is the greatest common divisor of 16 and k?
4
Let n be 55/(-13 - -33 - 19). Let o = 1 - 1. Suppose o*g = -3*g + 66. What is the greatest common factor of g and n?
11
Let f be (-9 - 74/10) + 6/(-10). Let q(u) = 2*u**2 + 19*u - 90. Let s be q(f). What is the greatest common factor of 11 and s?
11
Let v be 25 + 6/9*-6. Let u be (903/(-9))/(-7)*v. Let d = u + -203. Calculate the greatest common factor of d and 14.
14
Let y(s) be the third derivative of -29*s**4/24 + 35*s**3/2 + 27*s**2. Let a be y(-11). What is the greatest common divisor of a and 53?
53
Let q(m) = -15*m + 1622. Let t be q(37). What is the highest common factor of 3977 and t?
97
Let h be 32/(-28)*175/(-10). Let k(w) = -w + 7. Let r be k(7). Suppose r*p - 5*d = -4*p + 32, 3*d + 8 = p. What is the highest common divisor of p and h?
4
Suppose -4*z + 4*m + 20 = 0, -12*z + 8*z - 2*m + 38 = 0. Suppose -z*d - 116 + 596 = 0. What is the greatest common factor of 20 and d?
20
Suppose 219 = 4*c + 3*w, 0 = -3*c - 5*w - 91 + 258. Suppose 14*q = 9*q - 3*m + 33, -2*q = 4*m - 16. What is the greatest common divisor of q and c?
6
Suppose 37865 = 5*s - y - 5119, 0 = -2*y + 2. Suppose 49*l - s = 1791. What is the highest common divisor of l and 8?
4
Let z(d) = 9 + 7*d - 10*d - d**2 - 5*d. Let k be z(-9). Suppose q + 0*q + 2*g - 44 = k, -4*q + 2*g = -206. What is the greatest common divisor of q and 20?
10
Suppose -148 = -3*f - 2*o + 440, 3*f - 591 = -3*o. Let k = -33 + f. Calculate the highest common divisor of 7 and k.
7
Let f(h) = 379*h**3 + 20*h**2 - 37*h + 4. Let g be f(2). What is the greatest common divisor of 936 and g?
234
Let x be (16/(-6))/((-66)/28710). What is the highest common factor of 70 and x?
10
Let l(h) = -28*h - 240. Let y be l(-11). What is the highest common factor of y and 3961?
17
Let g(v) = 4*v**2 - 316*v + 1083. Let z be g(117). Calculate the highest common divisor of 57 and z.
57
Suppose -s + 3*l + 39 + 34 = 0, 2*l = 5*s - 287. What is the highest common divisor of s and 1?
1
Suppose g + 5*u - 915 = 0, 5*g - 793 = 6*u + 3689. What is the greatest common divisor of g and 666?
18
Suppose 6 = 4*v - 498. Let q(b) = -2*b**2 - 77*b + 2358. Let u be q(20). Calculate the greatest common divisor of u and v.
18
Let x(v) = -v**3 - 7*v**2 + 9*v + 8. Let h be x(-8). Suppose -2*k + 21 - 11 = h. Suppose -w = -k - 22. What is the highest common factor of 189 and w?
27
Let d(o) be the first derivative of -o**4/4 + 7*o**3 + 31*o**2/2 + 38*o + 127. Let y be d(21). What is the highest common factor of y and 13?
13
Let d = 11599 - 7975. What is the highest common divisor of d and 24?
24
Suppose 46*h + 663 = 59*h. Let l be (-15)/(1 - h/36). Calculate the highest common divisor of l and 72.
36
Let f = -128 - -445. Let d = f + -223. Suppose 0 = 2*k - 2, -2*w + 333 - d = k. Calculate the greatest common divisor of w and 17.
17
Let k = 274 + -203. Suppose -4*r + k = 2*c - 9*r, -118 = -3*c - 4*r. Calculate the highest common factor of c and 57.
19
Suppose y + 871 = r - 0*y, -2*y = -3*r + 2614. What is the greatest common divisor of 327 and r?
109
Let f(b) = b**2 - 17*b - 22. Let r be f(-5). Calculate the greatest common divisor of 1188 and r.
44
Let r(i) = 15*i**2 + 2*i + 3. Let n be r(-1). Suppose n*d + 310 = 17*d. Calculate the highest common factor of d and 124.
62
Suppose 0 = -5*r - 293 + 273, -2*k + 3*r = -612. Calculate the greatest common divisor of k and 2325.
75
Suppose d - 19 = -17*j + 893, -4*d - 24 = 0. What is the greatest common factor of j and 18918?
18
Let w(l) = -11*l - 15. Suppose -2*s = 2*m - 6, -2*s + 4 = -6. Let o be w(m). What is the highest common divisor of 56 and o?
7
Let n(b) = 4*b**3 + b**2 + b. Let m = -60 + 59. Let k be n(m). Let r be (-1 + -61)*(-9)/(-24)*k. What is the highest common divisor of r and 31?
31
Let i be (-331)/(-2) - (-4)/(-8). Let w be i/18 + (-5)/60*2. What is the greatest common factor of 801 and w?
9
Let x be (-4)/(-8)*-8 + 5. Let y be (8 - 5) + x + (-5)/(-1). Calculate the greatest common divisor of y and 99.
9
Let i = -7263 + 13159. What is the greatest common divisor of i and 176?
88
Suppose 13*m + 60 = 25*m. Let l be (2/(-4